2). Let j be (4/(-20 + 4))/(3/(-132)). Calculate the greatest common divisor of j and a.
11
Suppose -2*c = -c - 11. Let d = 25 + c. Calculate the highest common divisor of d and 288.
36
Let d(b) = -b**2 - 2*b + 10. Let s be d(0). Suppose -5 = 3*p + s, 0 = 3*h - 3*p - 126. What is the greatest common divisor of 185 and h?
37
Let m = -201 + 211. Calculate the greatest common divisor of 25 and m.
5
Suppose 84 + 42 = 3*k. Suppose 3*t = g + 44, 0 = -2*g + 7*g - 4*t + 198. Let u = k + g. Calculate the highest common factor of u and 28.
4
Let g(o) = 6*o + 59. Let n be g(-7). What is the highest common divisor of n and 153?
17
Suppose 4*h - 287 = 3*r, 0 = 2*h + 5*r + 20 - 131. What is the greatest common divisor of 51 and h?
17
Let z(n) = n**2 - 2*n - 31. Let g be z(9). Let k = g + -17. What is the highest common divisor of 10 and k?
5
Suppose -42*p - 4*d + 399 = -41*p, 0 = 3*p + d - 1219. What is the highest common divisor of p and 111?
37
Let v(u) = u**2 + 3*u + 6. Let x be v(-4). Let w be -6 + 1340/110 + 4/(-22) + 0. Calculate the greatest common factor of x and w.
2
Let j = 176 - 167. What is the greatest common divisor of j and 9?
9
Let v(x) = 51*x**2 + 11*x - 101. Let b be v(7). What is the greatest common factor of b and 99?
99
Let l = -118 - -115. Let x be (215/l)/((-14)/42). Calculate the greatest common factor of x and 86.
43
Let f = -80 - -152. Calculate the highest common factor of 8 and f.
8
Let h(i) = -i**3 - i**2 - 2*i + 210. Let k be h(0). Suppose -5*s + k = -0*s. What is the greatest common factor of s and 21?
21
Let d(a) = -a**2 - 24*a - 21. Let y be d(-21). What is the highest common factor of y and 315?
21
Let f be 3/(-18)*-4 - (-266)/6. Suppose -l + 4*b + 11 = -20, -5*l - 2*b = -f. What is the greatest common factor of 121 and l?
11
Let r = 502 - 364. What is the greatest common divisor of r and 23?
23
Let z be (-15 + 0 + 1)*(-56)/112. Calculate the highest common divisor of 1 and z.
1
Let x be -1 + 279 - (-25)/20*-4. Let s(f) = 11*f - 5. Let h be s(4). What is the highest common divisor of x and h?
39
Suppose -3*v + v + 78 = 0. Suppose 0 = 5*l + 7*g - 10*g - 777, -3*l - 2*g + 470 = 0. Calculate the greatest common divisor of v and l.
39
Let f = -34 + 36. Let s be (1 - 4 - f)*-28. What is the greatest common factor of s and 20?
20
Let h(s) = -12*s + 42. Let w be h(-7). Calculate the greatest common divisor of w and 273.
21
Let c = -34 + 42. Suppose 2 + 8 = 5*v. Suppose 16 + 8 = v*d. Calculate the greatest common factor of c and d.
4
Suppose -24242 = 34*b - 51*b. Calculate the highest common factor of 62 and b.
62
Let h be -81*(-1 + (-2)/(-3)). Suppose 32*v - h*v = 390. Let w(b) = b**3 - b**2 + b + 13. Let d be w(0). What is the highest common divisor of d and v?
13
Let s be 12/(-16) - 189/(-12). Suppose 0 = 3*p - 122 - 373. What is the greatest common factor of s and p?
15
Let j(g) = -g**2 - 8*g + 1. Let m be j(-7). Let w = -4 - -1. Let a be (36/(-15))/(w/80). Calculate the highest common factor of m and a.
8
Suppose 2*r - 2309 = -3*y + 333, 2632 = 3*y + 4*r. Calculate the highest common divisor of 204 and y.
68
Let m = 49 + -34. Let f = -9 + m. Calculate the highest common factor of 30 and f.
6
Suppose -7*m + 189 + 42 = 0. Calculate the greatest common factor of 2211 and m.
33
Suppose -2*g + 180 = 4*g. Let u = -21 + g. What is the greatest common divisor of u and 1?
1
Suppose -5*f + 4*d = 3*d - 666, -3*f + 395 = 4*d. What is the greatest common factor of 95 and f?
19
Let w = -67 + 71. Suppose -8 = w*s - 28. What is the greatest common divisor of 35 and s?
5
Suppose -45 = -c - 41. Let r(n) = 17*n - 3. Let f be r(c). What is the greatest common divisor of 13 and f?
13
Let w(d) be the second derivative of -5*d**3/6 - 7*d**2/2 - 2*d. Let r be w(-2). What is the highest common factor of 1 and r?
1
Let s(b) = -11*b + 72. Let t be s(-8). What is the highest common divisor of 32 and t?
32
Let m(a) = -a**3 - 20*a**2 - 11*a - 61. Let j be m(-20). Calculate the greatest common divisor of 265 and j.
53
Let z(d) = 14*d + 15. Let x = -95 + 98. Let y be z(x). Calculate the highest common factor of 456 and y.
57
Suppose 0 = 5*f - 8 - 2. Suppose f*t - 9 = 1. Suppose z = -5, -t*z = -3*x - 0*z + 109. Calculate the highest common factor of x and 308.
28
Let i(k) = 2*k**3 + 5*k**2 + k - 2. Let y be i(-4). Let x = -35 - y. Calculate the highest common divisor of 76 and x.
19
Suppose s - 2*s = -3. Let k be 0*(-2)/(-8)*-2 - -160. Suppose -s*x = 5*c - k, x - 13 = 3*c + 45. What is the highest common factor of x and 11?
11
Suppose -131 - 265 = -22*g. Let o(a) = 26*a + 1. Let c be o(1). Calculate the highest common factor of c and g.
9
Suppose 103 + 47 = 3*u. What is the highest common factor of u and 10?
10
Suppose 48 = 5*t - 12. Let s = 3224 - 2249. Let m be s/9 - (-3)/(-9). What is the highest common factor of t and m?
12
Let m(q) = q**2 - 3*q + 67. Let u be m(6). Calculate the greatest common divisor of u and 68.
17
Let x = 52 - -11. Suppose -x = -y - 61. What is the greatest common factor of 10 and y?
2
Let n be (-6)/(-3)*-1*99/(-22). Suppose j = v + 2, 3*v + n = -2*j + 38. Calculate the highest common divisor of j and 1.
1
Let m be 49908/126 + 6/(-63). Suppose 94*w = 98*w - m. What is the highest common factor of 9 and w?
9
Let d(p) = -10*p - 16. Let l be d(-4). Let o(b) = 3*b**2 - b + 12. Let z be o(0). Calculate the greatest common factor of l and z.
12
Suppose -25*p = 96*p - 2420. Calculate the greatest common divisor of 145 and p.
5
Suppose a - 30*w + 5 = -25*w, -4*w = -3*a + 40. Let n = 23 + -13. What is the greatest common factor of n and a?
10
Suppose -549 = -5*s + b, 3*b + 155 + 62 = 2*s. Calculate the greatest common factor of 5 and s.
5
Let o(t) = 86*t - 294. Let a be o(9). Calculate the highest common divisor of a and 192.
96
Let w = 89 + -83. Suppose -3*m = 12, o - 2*m + 57 = w*o. Calculate the highest common factor of 208 and o.
13
Suppose 0 = -2*m + m + 6. Suppose -5*o = -2*o - m. Let y be 3 + 4*10 + o. Calculate the greatest common divisor of 5 and y.
5
Let y be ((-13)/(-1))/(-3 - (-198)/63). What is the greatest common divisor of 26 and y?
13
Let o(c) = -c**3 - 27*c**2 - 152*c + 6. Let f be o(-8). Calculate the highest common divisor of f and 2778.
6
Let m be ((-9)/6*-6)/1. Suppose -4*l = -m*l + 25. Let u(g) = 7*g + 4. Let h be u(3). What is the greatest common factor of l and h?
5
Suppose 2*n - 4*n + 32 = 0. Suppose 7*m = 4*s + 5*m - 170, -2*m + 110 = 3*s. Calculate the greatest common divisor of s and n.
8
Let i = -12 + 18. Let o = 138 - 215. Let z = o - -131. Calculate the highest common divisor of i and z.
6
Suppose 13*w - 1869 - 2564 = 0. Calculate the greatest common factor of w and 55.
11
Let y = -42 + 87. Suppose 272 = 3*d - 4*n - 423, -2*d + 470 = -4*n. What is the highest common factor of y and d?
45
Let z be 1*-6 + (-2)/2. Suppose 11*r + 21 = 12*r. Let b = z + r. Calculate the highest common divisor of 98 and b.
14
Let m(i) = -i**2 - 14*i - 12. Let c(h) = -2*h**2 - 8*h - 10. Let x be c(-4). Let f be m(x). What is the highest common factor of 42 and f?
14
Suppose -3*z + 9 - 6 = 0. Let a(u) = -14*u - 6*u**2 + 14*u + 82*u**2 + z. Let l be a(-1). Calculate the greatest common factor of l and 7.
7
Suppose 23*a - 7664 - 7516 = 0. Calculate the highest common factor of 60 and a.
60
Let k be (-10)/(-8) - 43/(-4). Let t be (-2 - -3)*3 - -9. What is the greatest common divisor of t and k?
12
Suppose -6*p = -p + 45. Let k be (-268)/(-16) + p/12. Let v = 38 + 74. Calculate the greatest common factor of v and k.
16
Suppose 14*c - 40 = -152. Let w(n) = -4*n - 29. Let r be w(c). What is the greatest common divisor of r and 3?
3
Let o(f) = -f - 20. Let d(s) = -5. Let i(u) = -9*d(u) + 2*o(u). Let k be i(0). Calculate the greatest common divisor of k and 1.
1
Let h be 1*(11832/64 + 4/32). Calculate the greatest common factor of 5 and h.
5
Suppose -2*s - 3*a = -140, -2*a - 43 = 4*s - 323. Suppose 33 = 2*r + 5. What is the greatest common factor of r and s?
14
Suppose 0 = d + n + 22, 5*d + 4*n = -0*d - 115. Let x = 99 + d. Let p be (-30)/(-20) + (-52)/(-8). Calculate the highest common factor of x and p.
8
Let g(l) = -9*l + 7. Let d be g(3). Let r be ((-110)/d)/((-1)/(-10)). What is the highest common factor of r and 5?
5
Suppose 0 = -5*o